86?
181
What is the remainder when 690709 is divided by 188?
185
What is the remainder when 1415 is divided by 216?
119
Calculate the remainder when 16664 is divided by 763.
641
Calculate the remainder when 5804 is divided by 1402.
196
Calculate the remainder when 15671039 is divided by 1272.
1271
Calculate the remainder when 10865 is divided by 2030.
715
What is the remainder when 16639 is divided by 16626?
13
What is the remainder when 1797556 is divided by 29?
20
Calculate the remainder when 9697 is divided by 9683.
14
Calculate the remainder when 1212 is divided by 155.
127
Calculate the remainder when 2714 is divided by 766.
416
What is the remainder when 69525 is divided by 781?
16
Calculate the remainder when 11392 is divided by 416.
160
What is the remainder when 19978 is divided by 513?
484
What is the remainder when 384 is divided by 281?
103
Calculate the remainder when 387961 is divided by 27.
25
What is the remainder when 6315 is divided by 2037?
204
Calculate the remainder when 559524 is divided by 459.
3
Calculate the remainder when 15391 is divided by 326.
69
Calculate the remainder when 2811 is divided by 914.
69
Calculate the remainder when 1487 is divided by 51.
8
Calculate the remainder when 4191 is divided by 117.
96
What is the remainder when 791 is divided by 25?
16
Calculate the remainder when 972727 is divided by 12.
7
What is the remainder when 1474 is divided by 287?
39
What is the remainder when 3781998 is divided by 496?
494
What is the remainder when 16556 is divided by 23?
19
Calculate the remainder when 33078 is divided by 89.
59
What is the remainder when 38787 is divided by 7754?
17
Calculate the remainder when 206970 is divided by 793.
790
What is the remainder when 26604 is divided by 200?
4
Calculate the remainder when 5693 is divided by 2812.
69
Calculate the remainder when 8225 is divided by 17.
14
Calculate the remainder when 129629 is divided by 18518.
3
Calculate the remainder when 6529454 is divided by 369.
368
What is the remainder when 108996 is divided by 6?
0
Calculate the remainder when 98702 is divided by 58.
44
Calculate the remainder when 78191 is divided by 54.
53
What is the remainder when 71449 is divided by 10?
9
Calculate the remainder when 2506 is divided by 2496.
10
Calculate the remainder when 36426 is divided by 1041.
1032
What is the remainder when 8406 is divided by 3965?
476
What is the remainder when 591839 is divided by 24?
23
Calculate the remainder when 436 is divided by 69.
22
What is the remainder when 30373 is divided by 177?
106
What is the remainder when 3938 is divided by 166?
120
What is the remainder when 3489 is divided by 3479?
10
Calculate the remainder when 9197 is divided by 617.
559
What is the remainder when 622191 is divided by 120?
111
Calculate the remainder when 1884 is divided by 85.
14
What is the remainder when 1537412 is divided by 362?
360
Calculate the remainder when 5200 is divided by 5195.
5
Calculate the remainder when 3651 is divided by 291.
159
Calculate the remainder when 641413 is divided by 106899.
19
What is the remainder when 1844 is divided by 12?
8
Calculate the remainder when 361842 is divided by 187.
184
Calculate the remainder when 46417 is divided by 47.
28
What is the remainder when 5075 is divided by 188?
187
What is the remainder when 2974 is divided by 114?
10
What is the remainder when 266 is divided by 233?
33
Calculate the remainder when 51641 is divided by 4303.
5
Calculate the remainder when 3117 is divided by 97.
13
What is the remainder when 294 is divided by 243?
51
Calculate the remainder when 3646 is divided by 488.
230
Calculate the remainder when 591589 is divided by 139.
5
What is the remainder when 13348844 is divided by 579?
578
What is the remainder when 149429 is divided by 17?
16
Calculate the remainder when 4124 is divided by 2053.
18
Calculate the remainder when 205648 is divided by 15819.
1
What is the remainder when 207383 is divided by 69011?
350
Calculate the remainder when 8890 is divided by 4443.
4
What is the remainder when 7890 is divided by 257?
180
What is the remainder when 7037436 is divided by 407?
406
Calculate the remainder when 217379 is divided by 937.
932
Calculate the remainder when 21531 is divided by 2688.
27
What is the remainder when 68708 is divided by 21?
17
Calculate the remainder when 8365 is divided by 47.
46
Calculate the remainder when 292947 is divided by 270.
267
Calculate the remainder when 6469 is divided by 338.
47
What is the remainder when 26447 is divided by 234?
5
Calculate the remainder when 2615 is divided by 696.
527
What is the remainder when 18364 is divided by 5926?
586
Calculate the remainder when 270649 is divided by 1906.
1903
What is the remainder when 23947 is divided by 50?
47
What is the remainder when 521273 is divided by 74466?
11
What is the remainder when 2045 is divided by 135?
20
What is the remainder when 3927 is divided by 101?
89
Calculate the remainder when 3265 is divided by 806.
41
What is the remainder when 2433 is divided by 159?
48
What is the remainder when 270616 is divided by 106?
104
What is the remainder when 953646 is divided by 813?
810
What is the remainder when 3719 is divided by 918?
47
Calculate the remainder when 23040 is divided by 3834.
36
Calculate the remainder when 31319 is divided by 24.
23
Calculate the remainder when 3420 is divided by 344.
324
Calculate the remainder when 220428 is divided by 368.
364
What is the remainder when 23797 is divided by 1086?
991
Calculate the remainder when 38303 is divided by 456.
455
What is the remainder when 25323 is divided by 5059?
28
What is the remainder when 17396 is divided by 207?
8
What is the remainder when 23786 is divided by 231?
224
What is the remainder when 6120 is divided by 279?
261
What is the remainder when 116414 is divided by 939?
917
Calculate the remainder when 22565 is divided by 157.
114
What is the remainder when 86201 is divided by 1137?
926
What is the remainder when 221512 is divided by 701?
697
What is the remainder when 6763 is divided by 117?
94
What is the remainder when 23486 is divided by 2343?
56
Calculate the remainder when 50340 is divided by 70.
10
What is the remainder when 99 is divided by 41?
17
What is the remainder when 2674 is divided by 1234?
206
Calculate the remainder when 12394 is divided by 161.
158
Calculate the remainder when 100565 is divided by 3141.
53
What is the remainder when 1859 is divided by 314?
289
What is the remainder when 11272 is divided by 176?
8
Calculate the remainder when 3100494 is divided by 1908.
1902
Calculate the remainder when 348865 is divided by 28.
13
What is the remainder when 92389 is divided by 10?
9
What is the remainder when 2585 is divided by 2451?
134
What is the remainder when 5110 is divided by 142?
140
What is the remainder when 203862 is divided by 755?
12
What is the remainder when 12584 is divided by 24?
8
What is the remainder when 23907 is divided by 407?
301
Calculate the remainder when 33571 is divided by 1203.
1090
Calculate the remainder when 675178 is divided by 93.
91
Calculate the remainder when 235356 is divided by 9806.
12
Calculate the remainder when 485434 is divided by 26966.
46
Calculate the remainder when 258671 is divided by 145.
136
What is the remainder when 1853 is divided by 400?
253
What is the remainder when 13089 is divided by 13084?
5
What is the remainder when 459392 is divided by 3?
2
What is the remainder when 326776 is divided by 10?
6
Calculate the remainder when 14775 is divided by 7355.
65
Calculate the remainder when 189709 is divided by 15804.
61
What is the remainder when 67753 is divided by 140?
133
What is the remainder when 664 is divided by 210?
34
Calculate the remainder when 8780 is divided by 8504.
276
Calculate the remainder when 22350 is divided by 414.
408
What is the remainder when 5690 is divided by 1157?
1062
Calculate the remainder when 64152 is divided by 195.
192
What is the remainder when 4502 is divided by 4446?
56
What is the remainder when 676 is divided by 62?
56
Calculate the remainder when 36898 is divided by 638.
532
What is the remainder when 2348 is divided by 57?
11
Calculate the remainder when 21004 is divided by 89.
0
Calculate the remai